+ (-4)/6)*p.
15
Suppose 5*l + 12 + 3 = 0, 3*l = -2*m + 377. Suppose 0 = 5*u + 2*x - 0*x - 311, 0 = 3*u - 2*x - m. What is the remainder when u is divided by 22?
19
Let g = 89 + -71. Suppose 4*d - 16 = -3*z, -z + 1 = -2*d + 19. What is the remainder when g is divided by d?
4
Suppose 5*n + 4 - 189 = 0. Suppose 4*i - 36 = 16. Calculate the remainder when n is divided by i.
11
Suppose 5*v = -2*u + 42, -5*v + 34 = -0*v + 4*u. What is the remainder when v is divided by 3?
1
Let r = 339 + -241. Calculate the remainder when r is divided by 10.
8
Let j(p) = -2*p. Let f be (3/(-2))/((-21)/56). Suppose -3*l - 27 = -f*t, 6*l - 2*l + 26 = 2*t. Calculate the remainder when j(-4) is divided by t.
2
What is the remainder when -30*3/(-15*(-3)/(-12)) is divided by 1/((-3)/(13*-3))?
11
Let v = -35 + 83. Calculate the remainder when v is divided by 17.
14
Suppose -4*z = 2*z - 18. What is the remainder when 5 is divided by z?
2
Suppose -s = u - 14, 5*s - 6 + 16 = 3*u. Suppose -2*x + 62 - u = 0. Calculate the remainder when x is divided by 14.
12
Let l = 6 - 3. Calculate the remainder when l is divided by 2.
1
Let t(q) = -6*q - 8. Let u be t(-10). Suppose z - u = -z. Calculate the remainder when z is divided by 9.
8
Suppose 0 = -v - r + 13, 5*v + 3*r - 43 - 18 = 0. What is the remainder when v is divided by 5?
1
Suppose 104*t = 102*t + 108. Calculate the remainder when 107 is divided by t.
53
Suppose -3*t - 10 = -v, 2*v - 30 = 2*t + 2. Calculate the remainder when 74 is divided by v.
17
Let b = 15 + 9. Calculate the remainder when b is divided by 9.
6
Let a = 6 + -6. Suppose a = 5*u - 15, -4*z + 7*u - 2*u = -125. Calculate the remainder when z is divided by 18.
17
Suppose -5*o + 2*u = 1, -3*o + 3*u + 6 = 4*u. Suppose -m = -4*d + 2, -2*d - 3 = 2*m - 9. Calculate the remainder when o is divided by d.
0
Let b(p) = -p + 38. Calculate the remainder when 30 is divided by b(19).
11
Suppose -36 = -7*s + 48. What is the remainder when 25 is divided by s?
1
Let w = 72 + -35. Suppose -5*s + w = 5*y - 3, 0 = s - 3*y - 20. Calculate the remainder when 32 is divided by s.
10
Let b = -162 + 165. What is the remainder when 4 is divided by b?
1
Let d(k) = -3 + 7 - 3 + 2 + 2*k**2 + 6*k. Calculate the remainder when d(-5) is divided by 6.
5
Suppose -3*o - 5*k + k = -35, 3*k = 3*o - 21. What is the remainder when 41 is divided by o?
5
What is the remainder when (66 - 66) + (-1 - 296/(-2)) is divided by 37?
36
Let r = 8 - 5. Let f(b) = 5*b**2 - 2*b - 3. Let k be f(r). Suppose 2*g + 19 = w, -w + 4*w + g = k. What is the remainder when 38 is divided by w?
12
Let h(x) = 7*x + 125. What is the remainder when h(-14) is divided by (-7)/((10/(-4))/5)?
13
Let z(w) = -5*w + 8. Let a(l) = -6*l**2 + l - 1. Let o be a(1). Let r(q) = -q**2 + 13*q + 8. Calculate the remainder when z(o) is divided by r(12).
18
Let g = -47 + 87. Let u = 1 + 2. Suppose 55 - 13 = u*y. What is the remainder when g is divided by y?
12
Let n(w) = 5*w + 3. What is the remainder when n(2) is divided by 3?
1
Suppose -4*f + 2*f = 4*h + 20, 5 = -2*f - h. Let w = 64 - f. What is the remainder when w is divided by 22?
20
Let v be (-1 - -2)*6/(-2). Let d(o) = -3*o - 6. Let p be d(-4). What is the remainder when 56/p + 1/v is divided by 5?
4
Let y(g) = g**3 - g**2 - 2*g + 9. Calculate the remainder when 44 is divided by y(0).
8
Suppose 4*g + 67 = 3*r + 2*r, r = 3. Let v = 19 + g. Let a(s) = -2*s**2 + 22*s - 19. Calculate the remainder when a(9) is divided by v.
5
Let v = 34 - 0. Calculate the remainder when v is divided by 18.
16
Suppose 3*s - s - 3*c - 63 = 0, 0 = -c + 3. Calculate the remainder when 106 is divided by s.
34
Suppose 4 = -0*z + 2*z. Suppose 2*h - 17 = -w + 23, -3*w + 44 = z*h. What is the remainder when 56 is divided by h?
18
Let h(d) = 6*d - 23. Let y(n) = 2*n - 8. Let c(k) = 2*h(k) - 7*y(k). What is the remainder when c(-6) is divided by -9*(16/3)/(-4)?
10
Suppose o + 22 = 5. Let z(h) = 3*h**2 + 4*h + 1. Let w(b) = b**2 + b. Let j(k) = o*w(k) + 6*z(k). What is the remainder when 17 is divided by j(-7)?
5
Let i = 12 + 18. Let x = i + -19. Calculate the remainder when 21 is divided by x.
10
Let f = 61 - 44. What is the remainder when 84 is divided by f?
16
Suppose 0 = r + 5 - 1. Let t be (-40)/(-12) - r/6. Suppose 5*q - p = 114, 2*q - t*p - 43 = -p. What is the remainder when 67 is divided by q?
21
Suppose 42 = u + 8. Calculate the remainder when u is divided by 7.
6
Let t be ((-10)/(-8))/((-3)/24). Let g = t - -4. Calculate the remainder when 29 is divided by (15/(-2))/(g/8).
9
Let y = -41 - -72. Calculate the remainder when y is divided by 8.
7
Let v = 28 - 40. Let q = 22 + v. Suppose -2*i + 57 = -0*i - x, -2*i + 59 = x. What is the remainder when i is divided by q?
9
Let y = -122 - -86. Let g = 67 + y. Let f = -21 + g. Calculate the remainder when 29 is divided by f.
9
Suppose 50 = 2*y - 2*i + i, 3*y = 4*i + 85. Calculate the remainder when 66 is divided by y.
20
Let p = 14 + 0. Calculate the remainder when 40 is divided by p.
12
Suppose 2*w + 124 = -2*w. Let q = -20 - w. What is the remainder when 430/14 - (-4)/14 is divided by q?
9
Let a(c) = -c**2 + 14*c + 24. Let w be a(16). Let x be 1628/36 - 4/18. Let n = x - w. What is the remainder when n is divided by 14?
11
Suppose a = 4*a - 5*o + 617, 0 = 4*a + 4*o + 876. Let j = a + 324. Calculate the remainder when j is divided by 28.
26
Let n = 51 + -13. Calculate the remainder when n is divided by (-196)/(-10) - 2/(-5).
18
Let a(d) = d**2 + 6*d. What is the remainder when a(5) is divided by 20 + (-1)/(3/3)?
17
Let u(b) = 10*b**2 - b - 2. Let c be u(2). Suppose m - 3 - 9 = -j, -2*m + c = -j. Calculate the remainder when (-7)/35 - (-156)/5 is divided by m.
15
Let a(m) = 33*m**2 - m. Suppose 4*k - 10 = -2*q + 5*k, -3*k - 15 = -q. Suppose q*z - 48 = 3*t, 0*t - t - 5 = 0. What is the remainder when a(1) is divided by z?
10
Let y(p) = -p + 13. Calculate the remainder when 22 is divided by y(5).
6
Let y = 16 - 30. Suppose -7*u = -11*u + 148. Let x = u + y. What is the remainder when x is divided by 12?
11
Let h(y) = 2*y**2 + 4*y - 3. Let l be ((-20)/(-12))/(2/6). What is the remainder when h(l) is divided by 23?
21
Suppose -3 = a, -5*z - 2*a + 1 = 7. Calculate the remainder when 24 - 2/6*3 is divided by 2 + (z + 8 - -2).
11
Let r(v) = v**2 + v - 1. Calculate the remainder when r(-7) is divided by 22.
19
Suppose 5*x = -5*b - 43 + 243, -68 = -2*b + x. Calculate the remainder when b is divided by 13.
10
Let w be (-1)/(-1) - (1 + 0). Suppose d - 5 + 2 = w, -2*d = 4*n - 86. Calculate the remainder when (-4)/(-10) - 376/(-10) is divided by n.
18
Suppose 5*q = l - 54, -5*l + 0*q + 4*q + 228 = 0. Let r(t) = -t**3 + t**2 - t - 2. Let w be r(2). What is the remainder when l is divided by (15/4)/((-2)/w)?
14
What is the remainder when 7 is divided by -4 + (-180)/(-22) + 8/(-44)?
3
Suppose 18 = 5*q - 3*q. Let m(f) = -f**3 + 7*f**2 - 7*f + 9. What is the remainder when q is divided by m(6)?
0
Let a be 4*1*(-1)/(-1). Let v = a - 1. What is the remainder when 7 is divided by v?
1
Suppose -3*d + 190 = 55. Calculate the remainder when d is divided by 6.
3
Let i(r) = -2*r + 36. Calculate the remainder when 59 is divided by i(16).
3
Let v(w) = -3*w**3 - w**2 - 1. What is the remainder when 54 is divided by v(-2)?
16
Let v = -25 - -47. What is the remainder when 58 is divided by v?
14
Suppose -23 = -2*r - 5*v, -4*v = -4*r - 2*v + 106. Suppose -5*f + r = -46. Calculate the remainder when f is divided by 34/8 - 3/(-4).
4
Suppose -16 = 5*y - 86. Suppose -3*l - 4*s - 3 = -37, -s + 16 = 2*l. What is the remainder when (-39)/((-4)/(16/l)) is divided by y?
12
Let t = -148 - -248. Calculate the remainder when t is divided by 34.
32
Let u(j) = -4*j**3 - 4*j**2 - 2*j + 2. What is the remainder when u(-3) is divided by 28?
24
Let f = -4 + 10. Let r = -11 - -28. What is the remainder when r is divided by f?
5
Let w = 117 + -110. What is the remainder when 48 is divided by w?
6
Let z(c) = -3*c - 1 - c + 4. Calculate the remainder when z(-3) is divided by 9.
6
Let j(f) = 4 + 2 - 5*f + 2 + f. What is the remainder when j(-8) is divided by 21?
19
Suppose 0*w - 11 = -4*y - w, 7 = y - 4*w. Let b = -163 - -168. Calculate the remainder when b is divided by y.
2
Suppose a + f = 2*a - 25, 2*a = f + 45. Calcu